 5 + -1 + 5?
-1
What is the value of (1 - 3) + 2 + 14 + -9?
5
(-5 + 5 - 3 - -5) + -1
1
Calculate -2 - (-1 + 2) - (2 - 3).
-2
What is the value of -1 - (-4 + 1 + -2 + 5)?
-1
(2 + 2 - (-2 + 6)) + 2
2
6 + (10 + -5 - 6 - 0)
5
What is the value of (2 - 4) + -4 + 3?
-3
What is 3 + -6 - -2 - -4 - -2?
5
What is 5 - (1 + (1 - 2) + 1)?
4
Calculate (-2 - (0 - 2)) + (2 - -2).
4
Calculate (0 - -6) + -14 + 11.
3
What is -1 + 4 + (2 - 6)?
-1
What is (-1 - 1) + (-12 - -16)?
2
Evaluate -3 + 3 + (2 - 4).
-2
Evaluate 3 - (4 - 3) - 1 - 5.
-4
What is 1 + 1 + (8 - (7 - 0))?
3
Calculate 1 + -9 + (4 - 9 - -17).
4
Calculate 0 + -4 - (4 + -7 + -4).
3
Calculate 4 + (1 - (8 - 8)).
5
Calculate -3 - (3 - 7 - -4) - -2.
-1
What is -6 - (-2 + 7 + -12)?
1
What is 4 + -5 + (0 - (3 + 1))?
-5
Evaluate (-7 - (4 - 9)) + 1 + -2.
-3
What is the value of 155 - 153 - (10 + -1 + 0)?
-7
Evaluate 1 + -12 + 6 + 8 + 1.
4
What is (0 + (-5 - 1) - -6) + -3?
-3
Evaluate 13 + 2 + -1 + -60 + 53.
7
Evaluate 6 + 5 + -19 + 2.
-6
-2 + -4 - (4 + -7 - 3)
0
(2 - (-4 - -4)) + 3
5
Evaluate -2 - (3 - (-1 - -4)) - 3.
-5
What is the value of -2 - (1 - (1 + 3 + -6))?
-5
What is the value of (-17 - -8) + (18 - 2)?
7
9 - (-1 - (7 + -12))
5
What is the value of 1 - 5 - (-5 + (-4 - -7))?
-2
(-2 - (-4 + 5 + 0)) + 4
1
What is 0 + (-3 - (0 + 4 - 3))?
-4
What is the value of (21 - 25) + 2 + -1?
-3
Evaluate (5 - 5) + -5 + 4.
-1
2 + (-7 - -2) + 2 + -1
-2
Calculate (-1 - (-6 - -2)) + 0.
3
Calculate (-6 - 1) + (-4 - (-20 - -2)).
7
Calculate 4 + -1 + 2 - 0.
5
Calculate (2 - -7) + 23 + -24.
8
(1 + -2 - -2) + -2
-1
What is the value of (6 - (-2 + 10)) + -1 + -2?
-5
What is (-4 - -7) + (4 - (13 + -3))?
-3
(-1 - -3) + -1 - 2
-1
Evaluate (-7 - 1) + (109 - 95).
6
What is the value of (-16 - -19) + (-2 + 0 - -6)?
7
What is the value of -4 + -1 + 9 + -4?
0
-1 + 6 + 4 + -6 - 11
-8
Calculate (1 - (1 + 6)) + (2 - 1).
-5
8 + -4 + (1 - 8 - -5)
2
What is 12 + -3 + 4 + -15?
-2
Calculate -1 + -1 + 1 + -7 + 3.
-5
Calculate 2 - (3 - 2) - (-3 - 1).
5
What is the value of 2 + -5 - -6 - 5?
-2
What is the value of 2 + -2 - ((12 - 4) + -4)?
-4
6 - (10 - (4 - 0) - 5)
5
What is 12 - 17 - (-3 + 0)?
-2
-3 + 14 + 8 + -19
0
Evaluate 5 + -1 + 2 + -5.
1
0 - 5 - 2 - (-3 + -5)
1
What is (14 - 1) + (-69 - -56)?
0
Calculate -1 - (-4 + 1 + 2) - -1.
1
What is -10 + (1 - -12) + (2 - 0)?
5
What is the value of -7 + (2 - -2) + -1?
-4
(11 - 6) + -3 - -2
4
Evaluate -31 - -17 - (-6 - 2).
-6
Calculate (2 - 0 - (0 - -3)) + 1.
0
0 + (-4 - 0) - (-2 + 1)
-3
What is 1 + -1 + 3 + 8 + -7?
4
What is the value of 1 - (-1 + -3 + 4)?
1
Evaluate (118 - 105) + -5 + 1 + -2.
7
-3 + -5 - (-8 - -4)
-4
Evaluate 5 + 1 + -12 + (-12 - -15).
-3
-7 + 3 + (0 - -9) - 5
0
Evaluate -1 + -11 + (-31 - -35) + 6.
-2
0 - -2 - -4 - 3
3
Evaluate 13 - 12 - (0 + 1).
0
Calculate (-1 - -1) + (1 - -3).
4
What is 6 + -10 + 2 - (3 - -1)?
-6
What is the value of -2 + 2 + -1 - (-2 + -2)?
3
What is the value of -12 + (-11 - -13) + 9?
-1
What is the value of -4 - (-6 - -4) - (4 - 1)?
-5
Calculate -4 - (1 - 4 - 1).
0
Calculate 2 + 6 + (-15 - -7).
0
4 - ((-9 - -1) + 10)
2
What is (-1 + -1 + 0 - -3) + -1?
0
What is -2 - ((3 - 0) + -1)?
-4
Calculate 38 + -34 + 1 + -1.
4
Evaluate (-4 - (-5 + 5)) + -2.
-6
Evaluate -11 + (11 - -13) + -18.
-5
What is the value of (27 - 16) + -5 + 7 + -4?
9
What is the value of (-9 - -3) + 3 + 5 + -1?
1
What is 0 - (-11 + 2 + 5)?
4
Calculate 0 + (1 - -2) - (-28 - -36).
-5
What is the value of 1 + (-2 - 4) - (-2 - 8)?
5
What is -7 + 2 - (3 + -4)?
-4
Calculate -3 - (0 + -2 - -5 - 2).
-4
10 - (-20 + 7 - -21)
2
-6 + -1 + 1 - (-44 - -39)
-1
What is the value of -1 - -6 - ((21 - -2) + -10)?
-8
Evaluate (1 - -4) + 11 + -12.
4
What is (-13 - -4) + (4 - -1) - 4?
-8
What is the value of -3 - (-5 - -2) - -4 - -3?
7
Evaluate 3 - (6 + (1 - 1) + -2).
-1
What is the value of -2 + -1 - (1 - 0 - 1)?
-3
What is the value of -7 - (-8 - (-9 - -7))?
-1
Evaluate -1 + (3 - (-1 + 3)) - 3.
-3
Calculate (-6 - (-6 - -1)) + 6 - 5.
0
-1 + (-21 - -10 - -7)
-5
1 - (-14 - -10 - (-11 + 1))
-5
Calculate 13 + (0 - 1 - 5) + -1.
6
Calculate 1 + -7 + -1 - -10.
3
What is the value of 5 + -2 + 4 - 1?
6
What is the value of 7 + (2 - -1) + -14?
-4
Evaluate -10 - (13 - (1 - -17)).
-5
1 - (-4 + 1) - 9
-5
What is -1 - ((-6 - -5) + 1) - -2?
1
What is the value of (-6 - (6 - 13)) + -5 + 11?
7
Evaluate (-10 + 14 - (-1 - -8)) + -2.
-5
Calculate 0 - (1 - 3 - (-7 - -10)).
5
What is the value of -4 + (-2 - -10) - -1?
5
What is the value of (-26 - -17) + 2 + 6 + 0?
-1
-3 + 3 + (1 - (-5 - 0))
6
Calculate 1 - (-1 - -2) - (71 + -74).
3
Evaluate -18 + -11 + 17 + 20.
8
What is the value of -9 + 2 + (10 - 8)?
-5
Evaluate -2 + (-4 + 1 - -4).
-1
Evaluate -96 + 98 + (-6 - (0 + -1)).
-3
What is the value of -2 + 4 - -4 - (16 - 11)?
1
(2 - (7 + -4)) + -1
-2
-11 + (-3 + 2 - (-12 - -6))
-6
Calculate 3 - (0 + 8 + -5 + -4).
4
Calculate -1 - (1 - -2 - 7) - -2.
5
-6 + 9 - (6 + 0)
-3
What is the value of 8 - (5 - (-1 - 5))?
-3
What is -2 + (5 - 1) - (9 - 3)?
-4
What is the value of -6 + (4 - (1 + 0)) + 2?
-1
Calculate 0 + 2 + (-4 - (-7 - -3)).
2
What is the value of 12 + -7 + -2 - 2?
1
Calculate 7 - 9 - (-5 - 0).
3
What is the value of 2 - (2 + 3 + -3)?
0
What is the value of -1 + (-9 - -6) - (-3 + 0)?
-1
Evaluate 0 - (-1 + 1) - (2 - -2).
-4
2 - -3 - (2 - 6 - -6)
3
(2 - -8) + (44 - 45)
9
Evaluate -1 + 4 + (-2 - 2).
-1
Evaluate 7 - (14 + -2 - 0).
-5
(3 - 0) + -11 - -1
-7
What is the value of -5 + -10 + 11 + (-1 - -4)?
-1
6 + (0 - (-3 - -9)) + -3
-3
(-2 + 1 - 2) + (2 - 4)
-5
Evaluate -2 - (-2 + 0) - (3 + -3).
0
-18 + 21 + (-6 - (2 + -4))
-1
0 + 1 + (1 - (0 + -2))
4
What is 11 + 0 + (-15 - -8)?
4
(4 - 9 - -4) + (1 - 3)
-3
-1 + -4 + 4 - 2
-3
What is the value of (-2 - (-4 - -2)) + -1?
-1
What is 2 - ((5 - 3) + (-1 - 2))?
3
What is the value of 2 + 2 + 9 + -12?
1
Evaluate 3 + -29 + 18 + 1 + 10.
3
What is the value of -6 - (-2 - 1 - -2)?
-5
5 + -2 + 1 + 5 + -4
5
Calculate -5 + (-1 - -4) + -6 + 6.
-2
Calculate 6 + -3 + (-5 - -7).
5
Calculate -8 - (-4 - (-1 + 4)) - 7.
-8
What is 3 + 0 + (0 - (2 + -4))?
5
Calculate (20 - 23) + 9 + -2.
4
Evaluate 4 + (-1 - 0) + (-9 - -11).
5
5 - (-4 + 22 - 9)
-4
Calculate -1 + 9 + 2 + (-5 - -2).
7
What is -6 - (-2 - (2 + -4))?
-6
Evaluate 0 + 1 + (-3 - -1) + -4.
-5
What is the value of 0 + 0 - ((6 - -1) + -4)?
-3
-7 + 5 - (-6 - 6)
10
Calculate (-17 - -16) + (5 - 1).
3
11 + -19 - (2 + -9)
-1
What is the value of -2 + (-5 - -4 - -6)?
3
Evaluate 4 - (0 - -8 - 4) - -4.
4
What is 0 + (3 - 1) + (3 - 3)?
2
Evaluate -2 + (-1 - (-5 - 0)) + -5.
-3
Evaluate (-17 - -17) + (-4 - -1).
-3
Evaluate -3 + (4 - -3) + -7.
-3
Evaluate 2 - (-2 + (7 - 3)) - 1.
-1
Evaluate 6 - (3 + -3 + -8 + 5).
9
Evaluate -28 + 27 + -1 + 5.
3
Evaluate 86 - 95 - (-1 + -14).
6
What is the value of -10 + 16 - (2 + 9)?
-5
What is the value of 1 - (0 + 7) - -2?
-4
What is the value of -8 + 4 - -6 - -2?
4
Evaluate -20 - -13 - (1 + -8).
0
(-6 - -11) + (-1 - 1 - 7)
-4
Calculate 8 + (-15 - -9) + (-6 - -1).
-3
Evaluate 1 - 1 - (-1 - 0).
1
Evaluate -1 + -19 + 11 + 4.
-5
Evaluate (-1 - 0) + 2 - -2.
3
Calculate 3 + (-9 - (-1 - 3)).
-2
What is (-6 + 3 - 4) + -1 + 0?
-8
Evaluate 7 + -2 + -4 + 4.
5
Evaluate (-6 - -2 - 1) + -5 + 14.
4
What is the value of 0 - -6 - (0 + (1 - -2))?
3
7 + (-3 + -5 + 10 - 6)
3
What is the value of -3 + 1 + 19 + -18?
-1
What is the value of -2 - ((-3 - 1) + (2 - 1))?
1
Calculate -4 - (4 - 8 - 0).
0
Calculate -1 + 6 + -3 - 0.
2
Calculate (-1 - 0) + (5 - 2).
2
What is 5 - 3 - (6 + -5)?
1
Evaluate (-2 - -14) + -2 + -5.
5
Evaluate 2 + -1 - ((-6 - 1) + 12).
-4
Calculate -1 + 0 + 23 + -23.
-1
Calculate 2 - (2 - (3 - 1)).
2
What is the value of 3 + 2 - ((4 - -3) + -7)?
5
Calculate (-11 + 6 - -6) + -5 + 1.
-3
Calculate 7 - (4 - -4 - 2).
1
What is -2 + 6 + 5 + -8 + -2?
-1
Evaluate -4 + (-3 - 2 - -5).
-4
Evaluate 5 - ((2 - -1 - 3) + 3).
2
What is the value of 2 - (-3 + 1 - 0)?
4
Evaluate (4 - 10) + 0 + (4 - 3).
-5
What is the value of (4 - 6 - -5) + 0 + -3?
0
What is the value of (-1 - 1) + (-12 - -12)?
-2
What is the value of -3 + 6 + 3 + -6 + 5?
5
Calculate -6 - -2 - (-15 + 20).
-9
Evaluate -1 - (-6 + 4 - 4).
5
(8 + -6 - -4) + -6 - 1
-1
What is the value of (5 - (5 - 0)) + 2 + -2?
0
Calculate (-3 - -6) + 1 + -1.
3
-2 + (-12 - -9 - (-4 + 2))
-3
What is the value